hat is the units digit of (-2)/r*54/9?
3
Suppose 12*b - 20*b = -480. What is the tens digit of b?
6
Let z = 15 - 10. Let y = z + 1. What is the units digit of y?
6
Suppose f + 2*f - 24 = 3*i, 3*i + 12 = 0. Let d = f - 2. What is the units digit of d?
2
Let d = 6 - 1. Suppose -53 = -d*k - 13. What is the units digit of k?
8
Suppose 3*x = -2*a - 30, -a + x - 7 + 2 = 0. Let s = a + 11. Suppose 0 = q + 4*q - s*m - 60, -3*m = 4*q - 48. What is the units digit of q?
2
Let p(v) = v - 3. Let u be p(6). Suppose 0 = u*n - 18 - 9. What is the units digit of n?
9
Let g = -134 - -321. What is the units digit of g?
7
Let s(t) = -9*t - 16. What is the tens digit of s(-10)?
7
Let m(u) = u**3 - 4*u**2 - 2*u + 2. Suppose s + 2*s = 15. What is the tens digit of m(s)?
1
Let j be 3 - (3 - 0/(-1)). Suppose -5*y + 70 = -j*y. Let f = y - 9. What is the units digit of f?
5
Let u = 113 - 33. Suppose -s + u = 4*o, -2 = s + 2. What is the tens digit of o?
2
Let v(c) = c**2 - c. Let m be v(0). Suppose m = 5*k - 3*j - 20, j - 5*j - 20 = 0. What is the units digit of k?
1
Let v(w) = -w**3 + 6*w**2 + 5*w. Let r(j) = j - 1. Let a(z) = 4*r(z) + v(z). What is the tens digit of a(6)?
5
Let k be 2 + -5 + 3 + 2. Suppose k*b + b = 210. What is the tens digit of b/6 + (-4)/6?
1
What is the units digit of (-1460)/(-26) - (-4)/(-26)?
6
Let n(a) = 71*a**2 + 4*a - 2. What is the tens digit of n(1)?
7
What is the units digit of 2/(-5) + (-2946)/(-15)?
6
Let a be 9 - (2 + 3/(-3)). Let h(l) = -l**2 + 7*l + 7. Let m be h(a). What is the units digit of (3 - -3)*m/(-3)?
2
Suppose -x = -4*n + 3, -5*n = -0*x + 5*x + 90. Let d be (-50)/(-6) - (-5)/x. What is the units digit of (-105)/(-20) + 6/d?
6
Let y(c) = -c**2 - c - 17. Let x(f) = f**2 + 6*f - 7. Let t be x(-7). Let i be y(t). Let k = -2 - i. What is the units digit of k?
5
Let n = 5 + -1. Suppose -n*x + 3*x = -32. What is the units digit of x/12 - (-2)/6?
3
What is the units digit of (2 + -8)*(-34)/6?
4
Let m = 1 - 55. Let b = -26 - m. Suppose 2*p - b + 6 = 0. What is the tens digit of p?
1
Let o = 10 - 1. Suppose -4*h = o - 89. What is the units digit of h?
0
Suppose -4*n = -5 + 57. What is the tens digit of (n + 0)*(-1 - 0)?
1
Suppose -5*y + 533 - 108 = 0. What is the tens digit of y?
8
Let o(k) = 5*k**2 - 3*k + 8. Let t be o(-4). Suppose -t = -17*n + 12*n. What is the tens digit of n?
2
Let y(r) = 58*r**3 - r + 1. Let d(n) = n**2 + 4*n - 4. Let q be d(-5). What is the units digit of y(q)?
8
Let p(y) = y**3 + 3*y**2 - 5*y - 2. Let o = -10 + 7. What is the units digit of p(o)?
3
Let r be (-3)/(-9) - (-50)/(-6). Let t be (-2)/r + (-11)/(-4). What is the units digit of 0 + -9*(-2)/t?
6
What is the hundreds digit of 105 + 2 + 2 + (1 - 4)?
1
Let l be (-2 - 0)*1 - -8. Suppose l = 3*o - 5*o. What is the units digit of 2/o - 28/(-6)?
4
Let k be 1*(-1 - -1) - -6. Suppose x = 3*z - 1, -4*z - 2 = -0*x + 2*x. Let t = k - z. What is the units digit of t?
6
Let y(j) = -6*j - 2*j**2 + 9 + 0*j**2 + 3*j**2. Let u = -15 + 21. What is the units digit of y(u)?
9
Suppose 52 = -5*o - 3. Let r be -5 + -1*(-6)/3. What is the tens digit of (o/r)/(2/6)?
1
Let w(b) = 3*b**2 - 3*b - 1. What is the units digit of w(3)?
7
Let g be 11/2*2*2. Let o = g + -16. What is the units digit of o?
6
What is the units digit of (-3)/(-4) - (-357)/4?
0
Let w = 98 + -19. Suppose -5*s + 5*h = h - w, 2*h = 4*s - 62. What is the units digit of s?
5
Suppose 3*m + 74 = 5*m. What is the tens digit of m?
3
Let d = -5 - -8. Suppose -112 = -3*w + 2*t + 15, 0 = 5*w + d*t - 180. What is the units digit of w?
9
Suppose n - 3 = 2. Suppose n*d - 20 = 45. Suppose d + 19 = 4*r. What is the units digit of r?
8
Let s(q) = -19*q - 30. What is the hundreds digit of s(-8)?
1
Suppose 0*z + 64 = 4*z. What is the tens digit of z?
1
Let t(x) be the second derivative of -x**4/12 - 7*x**3/2 + 6*x**2 + 6*x. What is the tens digit of t(-19)?
5
What is the hundreds digit of (-3)/((-12)/80)*(-546)/(-35)?
3
Let a = 4 - 1. Let h be (a/(-3) - 1)/(-2). Let j = h - -2. What is the units digit of j?
3
What is the tens digit of 4/6 - 2976/(-72)?
4
Let t(o) = -o**2 + 14*o - 10. Let p be t(13). Suppose p*l - 3*f - 54 = 0, -2*l - 2*f - f = -46. What is the units digit of l?
0
Let q(b) = 1. Let f(a) = -3*a + 7. Let l(d) = -f(d) + 6*q(d). Let o be l(6). Let h = o - 9. What is the units digit of h?
8
Let v(l) = -l**3 + 6*l**2 + 5*l + 2. What is the units digit of v(6)?
2
Let q(z) = -z**2 - 15*z - 11. What is the tens digit of q(-11)?
3
Suppose n = -13 + 33. What is the tens digit of n?
2
Let h = -18 + 12. What is the tens digit of (-2)/(0 + h/99)?
3
Let b(h) = h**3 + 4*h**2 - 6*h - 1. What is the units digit of b(-4)?
3
Suppose 0 = -0*f + 2*f - 5*s + 41, 4*f + 4*s + 68 = 0. Let d be (-84)/9 + 10/(-15). Let b = d - f. What is the units digit of b?
8
Suppose -5*l = -4*d - 39, l + 5*d + 2 - 4 = 0. Let h = 11 + l. What is the tens digit of h?
1
Let f = 473 + -204. What is the units digit of f?
9
Let t(i) = i**3 + 0*i - 5*i - 4 - 5*i**2 - 4. Let r be t(6). Let k = r - -9. What is the units digit of k?
7
Let c = -3 - -8. Suppose -3*f + c = -b - 3, f + 3*b + 14 = 0. What is the units digit of f?
1
Let f = -36 + 26. Let h = -5 - f. What is the units digit of h?
5
Let o = -4 + 11. Suppose o*s + s = 208. What is the units digit of s?
6
Suppose 98*s = 94*s + 216. What is the units digit of s?
4
Let f(y) = -y**2 - 11*y - 9. Let a(i) = i**2 + 10*i + 9. Let q(h) = 3*a(h) + 2*f(h). Let w = -22 + 15. What is the units digit of q(w)?
2
Suppose -2*v = 4*s - 630, -5 = -2*v - 3. Suppose -5*g - 37 + s = 0. Suppose 2*q - g = -c, 0*q = -2*q - 4*c + 36. What is the tens digit of q?
1
Suppose 2*j - 5 = -3*j. Let n(d) = -3*d - 4 - j + 1. What is the units digit of n(-6)?
4
What is the units digit of ((-25)/4)/((-1)/4)?
5
Let a(u) = -7*u**2 - 10*u + 3*u**2 + 12 - 5*u**2 + u**3. What is the units digit of a(10)?
2
Suppose 5*g - 3*b - 160 = -0*b, 2*g - 53 = -b. Let o = 26 + -45. Let f = o + g. What is the tens digit of f?
1
Let n(j) be the second derivative of -j**3/6 + 13*j**2/2 + j. What is the units digit of n(6)?
7
Let j be (-2)/5 - (-10)/25. Suppose j = 4*t + 4 - 8. What is the units digit of t?
1
Let g(l) = 2*l - 5. What is the units digit of g(6)?
7
Suppose 4*o = -2*a + 42, o = -0*o + 4*a + 24. Let f = o - 4. What is the units digit of f?
8
Suppose -5*x - 4*n + 1067 = -n, -5*x - 4*n + 1071 = 0. What is the units digit of x?
1
Suppose -2*i + 3*s + 2*s + 22 = 0, 4*s = -4*i + 100. What is the tens digit of i?
2
Let m = 69 - -36. What is the hundreds digit of m?
1
Let w be (-1)/(-1 - -2) - -3. Suppose -w*v + 108 = 2*v. What is the tens digit of v?
2
Let d(s) = 9*s - 9. What is the units digit of d(8)?
3
What is the tens digit of 24 + 165 - (-1 - -1)?
8
Let y(h) = 3*h**2 - h + 11. Let g(b) = 7*b**2 - 3*b + 23. Let a(i) = -2*g(i) + 5*y(i). What is the units digit of a(0)?
9
Let j(v) = -v**3 - 11. Let z be 0/((-6)/((-6)/2)). Let d be j(z). Let p = d - -17. What is the units digit of p?
6
Let z(a) = 7. Let j(y) = 8. Let h(b) = -6*j(b) + 7*z(b). Let v(r) = -2*r + 8. Let i(q) = 6*h(q) - v(q). What is the units digit of i(7)?
2
Suppose 236 - 22 = 2*u. What is the hundreds digit of u?
1
Suppose 5 = -n - 2*r, -4*n + 4*r = -2*n + 18. What is the units digit of (5 - n) + (-2)/1?
0
Let x(d) be the second derivative of d**5/20 - 2*d**4/3 + 3*d**3/2 - 4*d**2 - d. What is the units digit of x(7)?
6
Suppose -4*f + 4*p + 336 = 0, 2*f - 153 = -2*p + p. What is the units digit of f?
9
Suppose 0 = u - 3, 4*u - 2*u = q - 45. Suppose -x + q = 2*x. What is the tens digit of x?
1
Suppose 12 = -3*f + 5*f. Let q(h) = -h**3 + 7*h**2 - 7*h + 6. Let k be q(f). Suppose k = 5*d - 14 - 11. What is the units digit of d?
5
Let r(k) = 43*k**3 - k**2. What is the units digit of r(1)?
2
Let u be (-1)/5 - (-122)/10. Suppose 3*q + u = -q. Let c(p) = p**3 + 3*p**2 - 2*p. What is the units digit of c(q)?
6
Let d be -2 - (-2 + 21*2). What is the tens digit of (-2)/7 - 936/d?
2
Suppose -z = -0*z. Suppose z*n = 3*n - 21. What is the units digit of n?
7
Suppose 2*h = -v + 749, 0 = -3*h + 2*v + 492 + 635. What is the tens digit of h?
7
Let g = -7 + 12. Suppose 0 = 2*w - g*w + 6. What is the units digit of w?
2
Let w(u) = u + 2. Let x be w(2). Let b = x - 2. What is the units digit of b?
2
S